est common divisor of 11986 and 13.
13
Calculate the highest common factor of 2870 and 28.
14
What is the highest common divisor of 110 and 20?
10
Calculate the highest common factor of 8857 and 17.
17
What is the highest common factor of 255 and 6273?
51
Calculate the highest common divisor of 8 and 2896.
8
What is the greatest common divisor of 240 and 144?
48
What is the greatest common divisor of 178 and 6942?
178
What is the highest common divisor of 444 and 96?
12
Calculate the highest common divisor of 5017 and 58.
29
What is the highest common divisor of 8658 and 130?
26
Calculate the highest common divisor of 336 and 552.
24
What is the highest common factor of 7968 and 48?
48
Calculate the greatest common divisor of 60 and 600.
60
Calculate the greatest common divisor of 3417 and 391.
17
Calculate the greatest common divisor of 1899 and 4642.
211
What is the highest common divisor of 1227 and 21?
3
Calculate the highest common divisor of 18 and 9207.
9
What is the highest common factor of 1313 and 52?
13
What is the greatest common factor of 14280 and 140?
140
Calculate the highest common divisor of 80 and 17900.
20
Calculate the greatest common factor of 2475 and 55.
55
Calculate the highest common factor of 685 and 110.
5
What is the highest common factor of 65 and 455?
65
What is the highest common divisor of 1498 and 56?
14
Calculate the highest common divisor of 518 and 1998.
74
Calculate the greatest common divisor of 76 and 12179.
19
What is the greatest common divisor of 1647 and 366?
183
What is the highest common divisor of 1015 and 29?
29
What is the highest common factor of 59 and 118?
59
What is the greatest common divisor of 244 and 96?
4
What is the greatest common factor of 20 and 29090?
10
What is the greatest common divisor of 315 and 765?
45
What is the highest common factor of 880 and 935?
55
Calculate the highest common divisor of 210 and 3948.
42
What is the highest common divisor of 2788 and 1666?
34
What is the highest common divisor of 128 and 96?
32
What is the greatest common factor of 14287 and 65?
13
What is the highest common divisor of 17 and 4811?
17
What is the highest common factor of 7 and 2219?
7
What is the greatest common factor of 96 and 22944?
96
What is the highest common factor of 189 and 77?
7
What is the greatest common factor of 280 and 42?
14
Calculate the highest common factor of 696 and 3422.
58
Calculate the greatest common factor of 14718 and 66.
66
What is the highest common divisor of 139 and 4?
1
What is the greatest common divisor of 51 and 34?
17
Calculate the highest common divisor of 89 and 3649.
89
What is the highest common divisor of 45 and 15?
15
What is the highest common factor of 152 and 494?
38
Calculate the greatest common factor of 675 and 324.
27
Calculate the greatest common divisor of 10 and 1250.
10
What is the greatest common divisor of 1331 and 143?
11
What is the highest common factor of 119 and 85?
17
What is the highest common factor of 3330 and 6?
6
What is the highest common divisor of 141 and 799?
47
What is the greatest common factor of 23 and 299?
23
Calculate the greatest common divisor of 5 and 25.
5
Calculate the highest common divisor of 25 and 55.
5
Calculate the greatest common divisor of 200 and 80.
40
What is the highest common divisor of 266 and 9443?
133
What is the greatest common factor of 386 and 49408?
386
What is the highest common divisor of 1175 and 800?
25
What is the highest common factor of 56 and 378?
14
Calculate the highest common divisor of 122 and 671.
61
Calculate the greatest common divisor of 8 and 2488.
8
What is the highest common divisor of 315 and 15876?
63
Calculate the greatest common divisor of 76 and 209.
19
Calculate the highest common factor of 384 and 10.
2
Calculate the greatest common divisor of 817 and 19.
19
What is the highest common divisor of 4760 and 160?
40
Calculate the greatest common factor of 60 and 120.
60
What is the greatest common divisor of 17 and 68?
17
What is the highest common divisor of 22 and 803?
11
What is the greatest common factor of 3738 and 42?
42
Calculate the greatest common factor of 1092 and 104.
52
Calculate the greatest common factor of 416 and 65.
13
What is the greatest common divisor of 255 and 261?
3
What is the highest common factor of 31 and 496?
31
Calculate the highest common divisor of 11960 and 897.
299
Calculate the greatest common factor of 112 and 2996.
28
What is the highest common factor of 5 and 150?
5
What is the highest common factor of 300 and 7860?
60
Calculate the greatest common factor of 87 and 3.
3
What is the highest common divisor of 16 and 10256?
16
What is the greatest common factor of 99 and 54?
9
Calculate the greatest common factor of 39 and 378.
3
Calculate the greatest common factor of 3565 and 230.
115
What is the highest common factor of 30 and 4840?
10
Calculate the highest common divisor of 312 and 15522.
78
What is the highest common factor of 77 and 105?
7
What is the greatest common factor of 134 and 67?
67
Calculate the greatest common factor of 140 and 160.
20
Calculate the greatest common factor of 4540 and 80.
20
What is the highest common factor of 372 and 1364?
124
What is the highest common factor of 1410 and 60?
30
Calculate the greatest common divisor of 135 and 395.
5
Calculate the greatest common divisor of 7964 and 44.
44
Calculate the highest common factor of 195 and 355.
5
What is the greatest common factor of 3619 and 231?
77
Calculate the greatest common factor of 25 and 200.
25
What is the greatest common divisor of 170 and 250?
10
Calculate the greatest common divisor of 5 and 155.
5
What is the greatest common factor of 30 and 170?
10
What is the greatest common factor of 1144 and 968?
88
Calculate the greatest common factor of 111 and 2.
1
What is the greatest common factor of 28 and 2464?
28
What is the highest common factor of 4984 and 8?
8
Calculate the greatest common factor of 578 and 34.
34
What is the highest common factor of 50 and 1090?
10
What is the greatest common divisor of 1648 and 32?
16
Calculate the greatest common factor of 11 and 539.
11
What is the highest common factor of 52 and 36?
4
What is the greatest common divisor of 162 and 360?
18
Calculate the greatest common divisor of 6615 and 294.
147
Calculate the highest common divisor of 273 and 21.
21
Calculate the highest common divisor of 459 and 81.
27
What is the greatest common factor of 94 and 752?
94
Calculate the greatest common divisor of 65 and 3445.
65
Calculate the greatest common factor of 180 and 12.
12
What is the greatest common divisor of 969 and 119?
17
Calculate the highest common divisor of 3432 and 66.
66
What is the greatest common factor of 128 and 96?
32
What is the highest common divisor of 765 and 22695?
255
What is the highest common factor of 248 and 93?
31
Calculate the greatest common divisor of 119 and 731.
17
What is the greatest common divisor of 15 and 2505?
15
Calculate the greatest common divisor of 2626 and 26.
26
Calculate the highest common divisor of 150 and 2.
2
What is the highest common divisor of 16 and 4?
4
What is the greatest common factor of 9683 and 46?
23
Calculate the highest common factor of 57 and 2451.
57
Calculate the highest common divisor of 52 and 208.
52
Calculate the greatest common factor of 629 and 1105.
17
What is the highest common divisor of 315 and 35?
35
What is the greatest common factor of 2205 and 126?
63
Calculate the greatest common factor of 82 and 246.
82
Calculate the greatest common factor of 1914 and 66.
66
What is the highest common factor of 322 and 252?
14
What is the highest common divisor of 286 and 4598?
22
Calculate the greatest common divisor of 1080 and 870.
30
Calculate the highest common divisor of 81 and 99.
9
Calculate the greatest common factor of 255 and 135.
15
Calculate the greatest common factor of 36 and 92.
4
Calculate the highest common factor of 336 and 2136.
24
Calculate the greatest common divisor of 90 and 4530.
30
What is the highest common divisor of 288 and 112?
16
What is the highest common factor of 182 and 286?
26
What is the highest common divisor of 153 and 3519?
153
What is the greatest common factor of 180 and 396?
36
Calculate the great